{"id":254,"date":"2013-03-05T22:24:08","date_gmt":"2013-03-05T21:24:08","guid":{"rendered":"http:\/\/www.shoc.cz\/?page_id=254"},"modified":"2024-02-24T11:50:04","modified_gmt":"2024-02-24T10:50:04","slug":"kontakty-2","status":"publish","type":"page","link":"https:\/\/www.shoc.cz\/?page_id=254","title":{"rendered":"Kontakty"},"content":{"rendered":"<h2><em>Marty &#8211; president<\/em><\/h2>\n<p>E-mail: <a href=\"mailto:president@shoc.cz\" target=\"_blank\" rel=\"noopener\">president@shoc.cz<\/a><br \/>\nMobil: 602 801 608<img loading=\"lazy\" decoding=\"async\" class=\"alignright wp-image-354\" src=\"http:\/\/web.shoc.cz\/wp-content\/uploads\/2013\/03\/sh1.jpg\" alt=\"sh1\" width=\"450\" height=\"303\" srcset=\"https:\/\/www.shoc.cz\/wp-content\/uploads\/2013\/03\/sh1.jpg 562w, https:\/\/www.shoc.cz\/wp-content\/uploads\/2013\/03\/sh1-300x202.jpg 300w, https:\/\/www.shoc.cz\/wp-content\/uploads\/2013\/03\/sh1-222x150.jpg 222w\" sizes=\"auto, (max-width: 450px) 100vw, 450px\" \/><\/p>\n<h2><em>Krata &#8211; vicepresident<\/em><\/h2>\n<p>E-mail: <a href=\"mailto:vicepresident@shoc.cz\" target=\"_blank\" rel=\"noopener\">vicepresident@shoc.cz<\/a><br \/>\nMobil: 775 901 440<\/p>\n<h2><em>S\u016f\u010fa &#8211; secretary officer<\/em><\/h2>\n<p>E-mail: <a href=\"mailto:secretary@shoc.cz\" target=\"_blank\" rel=\"noopener\">secretary@shoc.cz<\/a><br \/>\nMobil: 725 783 124<\/p>\n<h2><em>Sup &#8211; treasurer<\/em><\/h2>\n<p>Email: <a href=\"mailto:treasurer@shoc.cz\" target=\"_blank\" rel=\"noopener\">treasurer@shoc.cz<\/a><br \/>\nMobil: 602 210 268<\/p>\n<h2><em>Ostatn\u00ed info<\/em><\/h2>\n<p>Email: <a href=\"mailto:info@shoc.cz\" target=\"_blank\" rel=\"noopener\">info@shoc.cz<\/a><br \/>\nBankovn\u00ed spojen\u00ed: 261383492 \/ 0300<br \/>\nI\u010c:&nbsp;27049469<\/p>\n<p>&nbsp;<\/p>\n<h2><em>\u010clenov\u00e9 SHOC<\/em><\/h2>\n<p><iframe loading=\"lazy\" src=\"https:\/\/maps.google.cz\/maps\/ms?msa=0&amp;msid=213009842173467326557.0004e2c14419e11403820&amp;hl=cs&amp;brcurrent=5,0,0&amp;ie=UTF8&amp;t=m&amp;ll=49.845068,15.490723&amp;spn=3.188239,8.22876&amp;z=7&amp;output=embed\" width=\"780\" height=\"450\" frameborder=\"0\" marginwidth=\"0\" marginheight=\"0\" scrolling=\"no\"><\/iframe><br \/>\n<small>Zobrazit m\u00edsto <a style=\"color: #0000ff; text-align: left;\" href=\"https:\/\/maps.google.cz\/maps\/ms?msa=0&amp;msid=213009842173467326557.0004e2c14419e11403820&amp;hl=cs&amp;brcurrent=5,0,0&amp;ie=UTF8&amp;t=m&amp;ll=49.845068,15.490723&amp;spn=3.188239,8.22876&amp;z=7&amp;source=embed\">SHOC<\/a> na v\u011bt\u0161\u00ed map\u011b<\/small><\/p>\n\n<table id=\"wp-table-reloaded-id-1-no-1\" class=\"wp-table-reloaded wp-table-reloaded-id-1 \"bAutoWidth\": false\">\n<thead>\n\t<tr class=\"row-1 odd\">\n\t\t<th class=\"column-1\">ST\u0158ED<\/th><th class=\"column-2\">Z\u00c1PAD<\/th><th class=\"column-3\">JIH<\/th><th class=\"column-4\">V\u00ddCHOD<\/th><th class=\"column-5\"><\/th>\n\t<\/tr>\n<\/thead>\n<tfoot>\n\t<tr class=\"row-13 odd\">\n\t\t<th class=\"column-1\"><\/th><th class=\"column-2\"><\/th><th class=\"column-3\"><\/th><th class=\"column-4\"><\/th><th class=\"column-5\"><\/th>\n\t<\/tr>\n<\/tfoot>\n<tbody class=\"row-hover\">\n\t<tr class=\"row-2 even\">\n\t\t<td class=\"column-1\"><\/td><td class=\"column-2\"><\/td><td class=\"column-3\"><\/td><td class=\"column-4\"><\/td><td class=\"column-5\"><\/td>\n\t<\/tr>\n\t<tr class=\"row-3 odd\">\n\t\t<td class=\"column-1\"><\/td><td class=\"column-2\"><\/td><td class=\"column-3\"><\/td><td class=\"column-4\"><\/td><td class=\"column-5\"><\/td>\n\t<\/tr>\n\t<tr class=\"row-4 even\">\n\t\t<td class=\"column-1\">Ottelo - kapit\u00e1n<\/td><td class=\"column-2\">Franti\u0161ek - kapit\u00e1n<\/td><td class=\"column-3\">BosarVTX - kapit\u00e1n<\/td><td class=\"column-4\">Syky - kapit\u00e1n<\/td><td class=\"column-5\"><\/td>\n\t<\/tr>\n\t<tr class=\"row-5 odd\">\n\t\t<td class=\"column-1\"><\/td><td class=\"column-2\"><\/td><td class=\"column-3\"><\/td><td class=\"column-4\"><\/td><td class=\"column-5\"><\/td>\n\t<\/tr>\n\t<tr class=\"row-6 even\">\n\t\t<td class=\"column-1\">Jast<\/td><td class=\"column-2\">\u010cu\u0148as<\/td><td class=\"column-3\">Jaaara<\/td><td class=\"column-4\">Berry<\/td><td class=\"column-5\"><\/td>\n\t<\/tr>\n\t<tr class=\"row-7 odd\">\n\t\t<td class=\"column-1\">Jerry<\/td><td class=\"column-2\">Kala63<\/td><td class=\"column-3\"><\/td><td class=\"column-4\">Siki<\/td><td class=\"column-5\"><\/td>\n\t<\/tr>\n\t<tr class=\"row-8 even\">\n\t\t<td class=\"column-1\">Sally<\/td><td class=\"column-2\">NX-Petr<\/td><td class=\"column-3\"><\/td><td class=\"column-4\">Pes<\/td><td class=\"column-5\"><\/td>\n\t<\/tr>\n\t<tr class=\"row-9 odd\">\n\t\t<td class=\"column-1\">Thana<\/td><td class=\"column-2\">Peperum<\/td><td class=\"column-3\"><\/td><td class=\"column-4\"><\/td><td class=\"column-5\"><\/td>\n\t<\/tr>\n\t<tr class=\"row-10 even\">\n\t\t<td class=\"column-1\">Va\u0161ek<\/td><td class=\"column-2\">Po\u017ea<\/td><td class=\"column-3\"><\/td><td class=\"column-4\"><\/td><td class=\"column-5\"><\/td>\n\t<\/tr>\n\t<tr class=\"row-11 odd\">\n\t\t<td class=\"column-1\"><\/td><td class=\"column-2\">\u0160koln\u00edk<\/td><td class=\"column-3\"><\/td><td class=\"column-4\"><\/td><td class=\"column-5\"><\/td>\n\t<\/tr>\n\t<tr class=\"row-12 even\">\n\t\t<td class=\"column-1\"><\/td><td class=\"column-2\">Wayra<\/td><td class=\"column-3\"><\/td><td class=\"column-4\"><\/td><td class=\"column-5\"><\/td>\n\t<\/tr>\n<\/tbody>\n<\/table>\n\n","protected":false},"excerpt":{"rendered":"<p>Marty &#8211; president E-mail: president@shoc.cz Mobil: 602 801 608 Krata &#8211; vicepresident E-mail: vicepresident@shoc.cz Mobil: 775 901 440 S\u016f\u010fa &#8211; secretary officer E-mail: secretary@shoc.cz Mobil: 725 783 124 Sup &#8211; treasurer Email: treasurer@shoc.cz Mobil: 602 210 268 Ostatn\u00ed info Email: info@shoc.cz Bankovn\u00ed spojen\u00ed: 261383492 \/ 0300 I\u010c:&nbsp;27049469 &nbsp; \u010clenov\u00e9 SHOC Zobrazit m\u00edsto SHOC na v\u011bt\u0161\u00ed map\u011b<\/p>\n","protected":false},"author":1,"featured_media":0,"parent":0,"menu_order":14,"comment_status":"closed","ping_status":"closed","template":"","meta":{"ngg_post_thumbnail":0,"jetpack_post_was_ever_published":false,"footnotes":""},"class_list":["post-254","page","type-page","status-publish","hentry"],"jetpack_shortlink":"https:\/\/wp.me\/P28ZiM-46","jetpack_sharing_enabled":true,"_links":{"self":[{"href":"https:\/\/www.shoc.cz\/index.php?rest_route=\/wp\/v2\/pages\/254","targetHints":{"allow":["GET"]}}],"collection":[{"href":"https:\/\/www.shoc.cz\/index.php?rest_route=\/wp\/v2\/pages"}],"about":[{"href":"https:\/\/www.shoc.cz\/index.php?rest_route=\/wp\/v2\/types\/page"}],"author":[{"embeddable":true,"href":"https:\/\/www.shoc.cz\/index.php?rest_route=\/wp\/v2\/users\/1"}],"replies":[{"embeddable":true,"href":"https:\/\/www.shoc.cz\/index.php?rest_route=%2Fwp%2Fv2%2Fcomments&post=254"}],"version-history":[{"count":0,"href":"https:\/\/www.shoc.cz\/index.php?rest_route=\/wp\/v2\/pages\/254\/revisions"}],"wp:attachment":[{"href":"https:\/\/www.shoc.cz\/index.php?rest_route=%2Fwp%2Fv2%2Fmedia&parent=254"}],"curies":[{"name":"wp","href":"https:\/\/api.w.org\/{rel}","templated":true}]}}